ultiple of 44?
False
Is 34726458 a multiple of 169?
True
Does 35 divide 545580?
True
Is 3041480 a multiple of 70?
False
Is 1270954 a multiple of 161?
False
Does 535 divide 4111475?
True
Does 8 divide 14143201?
False
Does 366 divide 1180070?
False
Is 20767 a multiple of 7?
False
Is 72603 a multiple of 285?
False
Does 122 divide 124074?
True
Is 346050 a multiple of 30?
True
Is 106 a factor of 3074174?
False
Does 60 divide 979620?
True
Is 24 a factor of 423792?
True
Is 1030500 a multiple of 25?
True
Is 4 a factor of 133369?
False
Is 301 a factor of 2306563?
True
Does 703 divide 600899?
False
Is 298978 a multiple of 138?
False
Is 101193 a multiple of 89?
True
Does 12 divide 77076?
True
Is 292 a factor of 1216504?
False
Does 58 divide 1027934?
True
Is 2165300 a multiple of 25?
True
Is 1729872 a multiple of 492?
True
Is 46 a factor of 643770?
True
Is 1607731 a multiple of 37?
False
Is 3793732 a multiple of 794?
True
Is 28 a factor of 677973?
False
Is 136 a factor of 17948?
False
Is 1341990 a multiple of 123?
False
Is 288 a factor of 724439?
False
Is 1114745 a multiple of 32?
False
Does 37 divide 502460?
True
Is 16995 a multiple of 5?
True
Is 9 a factor of 811328?
False
Does 19 divide 2741683?
False
Is 1396 a factor of 4803596?
False
Is 8052328 a multiple of 270?
False
Is 34 a factor of 60248?
True
Does 7 divide 183113?
True
Does 127 divide 1782387?
False
Is 14 a factor of 2355167?
False
Does 1759 divide 9853463?
False
Is 47672 a multiple of 472?
True
Does 153 divide 44370?
True
Is 491 a factor of 3546439?
False
Is 7 a factor of 141510?
False
Is 752 a factor of 57904?
True
Is 20 a factor of 250583?
False
Is 2719606 a multiple of 37?
False
Is 711891 a multiple of 83?
True
Is 227244 a multiple of 348?
True
Is 299 a factor of 360594?
True
Is 29 a factor of 11339?
True
Does 22 divide 296208?
True
Is 222 a factor of 1060716?
True
Does 191 divide 469346?
False
Is 373 a factor of 3613997?
True
Does 862 divide 803201?
False
Is 114917 a multiple of 265?
False
Does 7 divide 468762?
True
Is 143577 a multiple of 301?
True
Is 296 a factor of 1309739?
False
Is 5565386 a multiple of 192?
False
Is 7 a factor of 410879?
True
Is 20 a factor of 75000?
True
Is 88 a factor of 24789688?
True
Is 256568 a multiple of 104?
True
Is 475575 a multiple of 92?
False
Is 117 a factor of 553328?
False
Does 34 divide 89347?
False
Does 60 divide 151227?
False
Does 383 divide 33014993?
False
Does 24 divide 683357?
False
Is 19 a factor of 107605?
False
Is 104915 a multiple of 7?
False
Is 238453 a multiple of 29?
False
Is 917062 a multiple of 21?
False
Is 49 a factor of 6210848?
True
Is 9259388 a multiple of 28?
False
Is 7 a factor of 37079?
True
Does 255 divide 1647300?
True
Is 92919 a multiple of 17?
False
Does 17 divide 1878619?
True
Is 2768958 a multiple of 1269?
True
Does 124 divide 351416?
True
Is 328319 a multiple of 4?
False
Is 178980 a multiple of 57?
True
Is 1037 a factor of 1267249?
False
Is 780 a multiple of 12?
True
Does 118 divide 128266?
True
Does 38 divide 61712?
True
Does 33 divide 1243605?
True
Is 43 a factor of 896292?
True
Is 5133546 a multiple of 22?
True
Is 4398056 a multiple of 30?
False
Is 958478 a multiple of 3?
False
Does 6 divide 9429840?
True
Does 12 divide 16175382?
False
Does 10 divide 83850?
True
Does 4 divide 62667?
False
Is 1100880 a multiple of 396?
True
Does 6 divide 157081?
False
Is 13234161 a multiple of 305?
False
Is 149489 a multiple of 50?
False
Is 17570 a multiple of 35?
True
Is 164043 a multiple of 33?
True
Is 72 a factor of 6120?
True
Is 167156 a multiple of 116?
True
Is 2960284 a multiple of 46?
True
Is 28 a factor of 47936?
True
Is 407 a factor of 283838?
False
Is 121 a factor of 2000130?
True
Does 176 divide 13376?
True
Is 850926 a multiple of 74?
True
Is 10 a factor of 2991242?
False
Is 9 a factor of 416214?
True
Does 5 divide 1286215?
True
Is 1363420 a multiple of 20?
True
Does 18 divide 548108?
False
Is 997593 a multiple of 162?
False
Is 79 a factor of 10496?
False
Is 64 a factor of 97563?
False
Is 603 a factor of 8188137?
True
Is 13 a factor of 251816?
False
Does 10 divide 37200?
True
Is 268422 a multiple of 42?
True
Is 129756 a multiple of 9?
False
Is 19737791 a multiple of 312?
False
Is 201 a factor of 101706?
True
Is 120878 a multiple of 10?
False
Is 36 a factor of 3688082?
False
Is 13689 a multiple of 27?
True
Does 103 divide 9004775?
True
Is 528768 a multiple of 486?
True
Is 962120 a multiple of 536?
True
Does 208 divide 4373778?
False
Is 537740 a multiple of 70?
True
Does 51 divide 75196?
False
Is 149 a factor of 117416?
False
Is 9 a factor of 1656?
True
Does 16 divide 58765?
False
Is 2182072 a multiple of 154?
False
Is 68580 a multiple of 270?
True
Is 79 a factor of 1135563?
False
Does 527 divide 4103222?
True
Does 562 divide 511982?
True
Is 2429323 a multiple of 22?
False
Does 1666 divide 8818409?
False
Does 137 divide 59321?
True
Does 33 divide 69177?
False
Is 11 a factor of 85219?
False
Is 323 a factor of 459629?
True
Is 22 a factor of 79992?
True
Is 1062 a factor of 7168181?
False
Is 5 a factor of 35063?
False
Is 2856165 a multiple of 195?
True
Is 120 a factor of 344918?
False
Is 1225 a factor of 3636396?
False
Is 61620 a multiple of 79?
True
Does 4 divide 5276800?
True
Is 460736 a multiple of 736?
True
Is 1134 a factor of 5292378?
True
Is 920691 a multiple of 377?
False
Does 97 divide 769792?
True
Is 17 a factor of 161954?
False
Is 1416 a factor of 13570739?
False
Does 144 divide 318384?
True
Is 98 a factor of 693840?
True
Is 7140 a multiple of 6?
True
Does 8 divide 251448?
True
Is 50 a factor of 327050?
True
Is 278221 a multiple of 61?
True
Is 144628 a multiple of 209?
True
Does 186 divide 159719?
False
Is 109880 a multiple of 10?
True
Does 24 divide 30528?
True
Does 245 divide 4461806?
False
Is 625 a factor of 1143125?
True
Does 352 divide 2881472?
True
Is 27 a factor of 2613006?
True
Does 305 divide 233440?
False
Is 176 a factor of 5056791?
False
Is 104 a factor of 43992?
True
Is 5 a factor of 2040600?
True
Is 137 a factor of 171798?
True
Is 91370 a multiple of 101?
False
Does 76 divide 11074720?
True
Does 16 divide 8602091?
False
Is 1030464 a multiple of 288?
True
Does 4 divide 15395?
False
Is 177 a factor of 14848530?
True
Is 424786 a multiple of 129?
False
Is 71981 a multiple of 91?
True
Is 412580 a multiple of 140?
True
Is 582 a factor of 180008?
False
Does 196 divide 246841?
False
Is 83 a factor of 4129?
False
Does 616 divide 3154536?
True
Is 24 a factor of 1063068?
False
Does 17 divide 6845365?
False
Is 82468 a multiple of 4?
True
Does 111 divide 548927?
False
Does 218 divide 2005172?
False
Is 56 a factor of 5682349?
False
Does 48 divide 909442?
False
Does 52 divide 257798?
False
Is 272 a factor of 8817?
False
Is 2613121 a multiple of 235?
False
Is 676744 a multiple of 232?
True
Does 48 divide 2974560?
True
Does 25 divide 12572925?
True
Is 489872 a multiple of 136?
True
Is 156 a factor of 2455882?
False
Does 886 divide 1636169?
False
Is 355 a factor of 455465?
True
Is 410009 a multiple of 18?
False
Is 4319304 a multiple of 264?
True
Is 195048 a multiple of 172?
True
Is 30 a factor of 966061?
False
Is 807405 a multiple of 95?
True
Is 95 a factor of 423822?
False
Is 178860 a multiple of 20?
True
Is 4 a factor of 35100?
True
Is 185580 a multiple of 90?
True
Is 330729 a multiple of 7?
True
Does 15 divide 195615?
True
Does 1486 divide 5214374?
True
Is 30 a factor of 89652?
False
Is 1353523 a multiple of 37?
False
Is 2200 a factor of 32574942?
False
Does 170 divide 272134?
False
Does 78 divide 215358?
True
Is 308 a factor of 1025640?
True
Is 48 a factor of 63984?
True
Is 688431 a multiple of 87?
True
Is 187 a factor of 6846222?
False
Does 23 divide 18929?
True
Is 578 a factor of 14847086?
True
Is 74198 a multiple of 46?
True
Does 210 divide 122010?
True
Is 1309350 a multiple of 215?
True
Is 13834023 a multiple of 21?
True
Does 12 divide 102394?
False
Is 252312 a multiple of 13?
False
Does 146 divide 2607560?
True
Does 99 divide 405999?
True
Is 2832572 a multiple of 35?
False
Is 53 a factor of 231080?
True
Is 30242 a multiple of 383?
False
Does 4 divide 189368?
True
Is 8783360 a multiple of 20?
True
Does 1023 divide 4294377?
False
Is 736 a factor of 6348000?
True
Does 160 divide 139047?
False
Is 5 a factor of 5319543?
F